base 15, what is 12 + ab2c?
ab3e
In base 13, what is 34a3 + 3?
34a6
In base 10, what is 53515 - -35?
53550
In base 15, what is -3007 + -bb?
-30c3
In base 15, what is -164ac6 + -1?
-164ac7
In base 15, what is 2 - -13eb?
13ed
In base 16, what is 1 + 192299?
19229a
In base 13, what is 656 - 6c?
5b7
In base 11, what is 0 - a0a6a?
-a0a6a
In base 13, what is 11 + 7046?
7057
In base 7, what is 1 + 4256051?
4256052
In base 6, what is 10 + -502034?
-502024
In base 13, what is 772 - -5?
777
In base 9, what is -87465 + 4?
-87461
In base 13, what is -1ca + -19?
-216
In base 4, what is 2232032 - 301?
2231131
In base 8, what is 50 - 2725?
-2655
In base 15, what is -2a + 5ae?
584
In base 11, what is 8 - -55923?
55930
In base 12, what is 1b90 - -8?
1b98
In base 3, what is 2 + -121121002?
-121121000
In base 10, what is 1344 + -27?
1317
In base 8, what is -31455 + 27?
-31426
In base 6, what is 12 - -135543?
135555
In base 7, what is -40505 - 4?
-40512
In base 15, what is 3 + -195bc?
-195b9
In base 15, what is 1ed - -728?
926
In base 9, what is 48653 + 7?
48661
In base 6, what is -1204 - 1123?
-2331
In base 12, what is 5 + -19894?
-1988b
In base 7, what is -133162451 - 1?
-133162452
In base 4, what is -13 - -212322?
212303
In base 14, what is -4b98 + -104?
-4c9c
In base 7, what is 15 - 143413?
-143365
In base 2, what is 1101110100001110 + -11?
1101110100001011
In base 11, what is -1532 + 72?
-1470
In base 3, what is -11020112010012 - 2?
-11020112010021
In base 13, what is 220a62 - 5?
220a5a
In base 10, what is 31 - 2508?
-2477
In base 12, what is 2 - -496b4?
496b6
In base 14, what is 2b1a + -4b?
2aad
In base 4, what is -12212 - -1022?
-11130
In base 11, what is 2 + -12278?
-12276
In base 2, what is 1010 - -1000101010101?
1000101011111
In base 7, what is -356 - -23?
-333
In base 15, what is -8 + -15b0?
-15b8
In base 2, what is 1100011010000001 - 1?
1100011010000000
In base 7, what is 1242 + -66?
1143
In base 15, what is -1c002c + -2?
-1c002e
In base 7, what is 6565 + -14?
6551
In base 5, what is -4 + 330032?
330023
In base 10, what is -6749 + 9?
-6740
In base 6, what is 0 - 1243134?
-1243134
In base 3, what is 12 - 101210?
-101121
In base 11, what is -107849 + 0?
-107849
In base 16, what is -a1b - -653?
-3c8
In base 14, what is 1764 - 0?
1764
In base 14, what is 2 + 3072?
3074
In base 9, what is 138244 - -5?
138250
In base 13, what is 9164bc + -5?
9164b7
In base 9, what is 580277 - 0?
580277
In base 6, what is -2 + -43334?
-43340
In base 3, what is 20 + 21021211201?
21021211221
In base 7, what is -2142105 - 2?
-2142110
In base 7, what is -1043 + 354?
-356
In base 5, what is -30321331 + 10?
-30321321
In base 6, what is -152420555 + 0?
-152420555
In base 8, what is 27 + 26417?
26446
In base 3, what is -200200101212 + -2?
-200200101221
In base 5, what is -343214 + -20?
-343234
In base 2, what is 11110000 + 1111111111110?
10000011101110
In base 11, what is -130260 - 4?
-130264
In base 10, what is -4 - -7421?
7417
In base 14, what is -128901 + 4?
-1288db
In base 5, what is -214 - 2432?
-3201
In base 2, what is -110 + -101110111011100000?
-101110111011100110
In base 14, what is 537b3 - 5?
537ac
In base 4, what is 3202220 + -102?
3202112
In base 8, what is 5050 - 207?
4641
In base 16, what is 1 - 1052a?
-10529
In base 6, what is 120304 + 2?
120310
In base 14, what is 2 + 26b20?
26b22
In base 11, what is 255 + -16?
23a
In base 8, what is -656 - -55?
-601
In base 11, what is 11222 - 1?
11221
In base 3, what is 2210100000 + -22?
2210022201
In base 12, what is -4 - -29494?
29490
In base 6, what is -31 + -133335?
-133410
In base 3, what is -22100202102 + 0?
-22100202102
In base 8, what is 277 + 1067?
1366
In base 11, what is 1 - 93a3?
-93a2
In base 2, what is -10001111110010 + 111011?
-10001110110111
In base 9, what is 10868 + -7?
10861
In base 11, what is -34 + -257?
-290
In base 2, what is 11 - -111100000000111?
111100000001010
In base 11, what is -17949 - 1?
-1794a
In base 4, what is -1223031 + 110?
-1222321
In base 13, what is 24c1 + 2?
24c3
In base 2, what is -111010000 + -1001?
-111011001
In base 2, what is -1011001010100 + -10011?
-1011001100111
In base 2, what is 10 - 101000101110100111?
-101000101110100101
In base 3, what is 2 - -2000020021?
2000020100
In base 3, what is 210200 + -21020021?
-20102121
In base 7, what is 1 - 434223?
-434222
In base 8, what is 11 + 2175?
2206
In base 10, what is -89965 + 2?
-89963
In base 7, what is 16 - -1451311?
1451330
In base 15, what is -7595a - -2?
-75958
In base 12, what is 371 - -65?
416
In base 11, what is 538001 + -5?
537aa7
In base 15, what is 2c8e - b?
2c83
In base 2, what is -11010111 - 11001101000?
-11100111111
In base 14, what is 63 + 34d2?
3555
In base 10, what is -1 - -119279?
119278
In base 2, what is 101100 + 1100111100001?
1101000001101
In base 12, what is -13 + -3088?
-309b
In base 12, what is 8b8bb - -4?
8b903
In base 11, what is -29 - 4536?
-4564
In base 3, what is 111 + 20122120?
20200001
In base 4, what is -2 - -3302331?
3302323
In base 5, what is -12341313 + 323?
-12340440
In base 8, what is -31 - 2053?
-2104
In base 6, what is 15 - -142335?
142354
In base 11, what is -4 - 54342?
-54346
In base 16, what is b3d + 2af?
dec
In base 14, what is 2 + 1d5b0d?
1d5b11
In base 2, what is 100001 + 1001100110?
1010000111
In base 11, what is 37 - 92?
-56
In base 2, what is 110111 - -101000100?
101111011
In base 4, what is 213 - -21201?
22020
In base 11, what is 298593 + 0?
298593
In base 15, what is -7 - 608?
-610
In base 3, what is 1012000010 + -11?
1011222222
In base 7, what is -1 + 104511?
104510
In base 14, what is ca + -191?
-a5
In base 3, what is -121022010021011 + 2?
-121022010021002
In base 11, what is 7 + -34a39?
-34a32
In base 15, what is 5 + -28b4?
-28ae
In base 16, what is -967 + -7?
-96e
In base 14, what is 1 - -56b1c?
56b1d
In base 14, what is 118bd + 8?
118c7
In base 7, what is 6 + -225433?
-225424
In base 9, what is -232218 - -1?
-232217
In base 4, what is 212 + -30021?
-23203
In base 7, what is -26 - -14324?
14265
In base 3, what is 1021 - -20102112?
20110210
In base 9, what is -207205 + 7?
-207187
In base 16, what is 4 - 15126?
-15122
In base 10, what is -21591 - 11?
-21602
In base 3, what is 0 + 2200112102?
2200112102
In base 2, what is 1010010 - -111110110110000?
111111000000010
In base 15, what is -49b9 + -2e?
-49e8
In base 9, what is 21 - 1450?
-1428
In base 2, what is -101 + 101001000001011000100?
101001000001010111111
In base 14, what is b79 + -132?
a47
In base 14, what is 27c5 - -56?
283b
In base 11, what is 61 - 495?
-434
In base 8, what is 5 - 606562?
-606555
In base 16, what is -99c + -18?
-9b4
In base 15, what is -572 + 2e?
-543
In base 11, what is 5 - 26849?
-26844
In base 14, what is 169c + -28?
1674
In base 2, what is 10001 + 1000000000101000000?
1000000000101010001
In base 8, what is 17 - -63315?
63334
In base 3, what is 22121 - 20?
22101
In base 9, what is -1327 - -21?
-1306
In base 12, what is -618 - -147?
-491
In base 4, what is 23320102 + -3?
23320033
In base 3, what is 1222101002 - -10?
1222101012
In base 12, what is -56a99 - -3?
-56a96
In base 4, what is -11 + 220223?
220212
In base 2, what is 10011111 - 11101011?
-1001100
In base 10, what is 3 - 40225?
-40222
In base 9, what is 1558 + 553?
2222
In base 6, what is 1220 - 1010?
210
In base 7, what is -3 - 2313635?
-2313641
In base 12, what is 2435 - 12?
2423
In base 9, what is -203 - 721?
-1024
In base 13, what is 2 + -14bca?
-14bc8
In base 4, what is 10 + 222132?
222202
In base 8, what is 3 + 136133?
136136
In base 12, what is 132 + 1628?
175a
In base 8, what is -2013671 + -3?
-2013674
In base 8, what is -7 + -4316244?
-4316253
In base 7, what is 5152406 - 1?
5152405
In base 3, what is -111 - 1211211122?
-1211212010
In base 5, what is -14400 + 2323?
-12022
In base 10, what is 11 + -594?
-583
In base 9, what is -11 + 64?
53
In base 13, what is -19a71 + -9?
-19a7a
In base 12, what is 4 + -13757?
-13753
In base 14, what is 6 - -db6?
dbc
In base 15, what is e838 - -2b?
e864
In base 6, what is 43053 - -31?
43124
In base 7, what is -1111 - 1143?
-2254
In base 4, what is -3 - -332003?
332000
In base 4, what is -11 - 1202011310?
-1202011321
In base 11, what is 25a1 + 27?
2618
In base 11, what is -8 + -8a67?
-8a74
In base 2, what is 100 +